*w - 1. Suppose 4*b - 6 - 2 = 0. Let h be m(b). Suppose -5*f + h + 102 = p, -14 = -f - 2*p. List the prime factors of f.
2, 3
Suppose 4583 = k + 5*t, -4*k + 82*t - 85*t = -18247. List the prime factors of k.
2, 43, 53
Suppose 44 = 2*d - 64. What are the prime factors of d?
2, 3
Let g(y) be the second derivative of y**4/12 - 7*y**3/6 + 15*y**2/2 + 22*y. List the prime factors of g(9).
3, 11
Let g = -259 - -417. List the prime factors of g/((-4)/24*-3*4).
79
Let z be 1*4 + 359 + 16. Suppose 5*m - z + 74 = 0. List the prime factors of m.
61
List the prime factors of (-7 + 1 + 8)*(-3022)/(-4).
1511
Let a be (-1)/(-2)*(23 + -5). What are the prime factors of (-30)/a*(3 + -12)?
2, 3, 5
Let s(f) = -83*f**3 - 3*f - 2. Let g(a) = -a**2 + 13*a - 23. Let q be g(11). What are the prime factors of s(q)?
2, 3, 7
Suppose -88 = -19*h - 3*h. List the prime factors of h.
2
Let u = -57 - -9. Let f = u + 68. List the prime factors of 456/f - (-4)/20.
23
Let l = 13 + -1. Suppose x - l - 3 = 0. Suppose -75 = -x*v + 10*v. List the prime factors of v.
3, 5
Let b = -166 - -226. Let z = 5 + -3. Suppose z*w = -w + b. List the prime factors of w.
2, 5
Let o(f) be the third derivative of -f**6/120 + 3*f**5/20 + f**3 + 7*f**2. Let z be o(9). List the prime factors of ((-3)/4)/(z/(-120)).
3, 5
Suppose 2*p - 1785 = 5*f, p - 888 = -13*f + 17*f. List the prime factors of p.
2, 3, 5
Suppose 229*v = 234*v - 2365. What are the prime factors of v?
11, 43
Suppose 0 = 6*g - g - 15. Suppose -274 = -g*p + m, 2*p - 2*m - 188 = -0*m. List the prime factors of 1/(-4) + p/8.
11
Let r = 938 - 557. Suppose -2*a + r = 5*z, -2*z + 8 = -2. What are the prime factors of a?
2, 89
Let z be (258/8)/((-8)/32). Let o = 204 + z. What are the prime factors of o?
3, 5
Let v(c) = 2*c - 9. Let p(y) = -12*y**3 - 4*y**2 - y - 1. Let d be p(4). Let o be d/(-63) - (-4)/(-14). List the prime factors of v(o).
17
Let c(d) = -3*d**3 + 4*d**2 + 2*d + 21. Let o be c(-5). Suppose -9 = -5*x + o. List the prime factors of x.
3, 11
Let f be (8/(-12))/((-10)/45). Let v = f - -9. What are the prime factors of v?
2, 3
Suppose -13*i + j + 3334 = -12*i, 4*i - j - 13321 = 0. List the prime factors of i.
3329
Let g be 25*(-45)/3*(-24)/(-100). What are the prime factors of 162*24/g*-5?
2, 3
Let r be -1 - (-1 + 0)*233. Suppose 0 = -3*k + 15, 5*o + 2*k + 153 + r = 0. Let s = o - -115. List the prime factors of s.
2, 3
Let t = -53 + 111. What are the prime factors of t?
2, 29
Let q be (-6)/14 + 228/42. Suppose q*s = -3*z - 0*z + 141, 2*s = 4*z - 188. Let a = -23 + z. List the prime factors of a.
2, 3
Suppose 5*w + 0*y - 3052 = -4*y, 4*y + 2420 = 4*w. Suppose -2*a - 357 = -3*k - 0*a, -a = 5*k - w. What are the prime factors of k?
11
Let w = -431 + 864. What are the prime factors of w?
433
Let s(g) = -g**2 + 55*g + 308. List the prime factors of s(58).
2, 67
Let l = -1506 - -1675. What are the prime factors of l?
13
Let n(q) = q**2 - q - 1. Let k be n(3). Let r = 3 + -18. List the prime factors of (108/r)/((-2)/k).
2, 3
Suppose -4*o - 2*r + 182 = 0, -4*r + 10 = -5*o + 205. What are the prime factors of o?
43
Let k(q) = q**2 - 3*q - 87. List the prime factors of k(37).
1171
List the prime factors of (-4)/(-4)*-1173*(-2)/6.
17, 23
Suppose -1436 = -2*d + 4*w, 26*d + 2145 = 29*d - 3*w. What are the prime factors of d?
2, 89
Suppose 2*i - 284 = 126. Suppose 2*y + 3*y - i = 0. What are the prime factors of y?
41
Suppose -576 = -3*k + 261. What are the prime factors of k?
3, 31
Let j(r) = 11*r - 2. Let s be j(2). Let y(w) = w**3 - 21*w**2 + 23*w + 24. What are the prime factors of y(s)?
2, 3, 7
Suppose 0*f = 6*f - 2610. What are the prime factors of f?
3, 5, 29
Let x = -32 - -39. Let p = -2 + x. Suppose 5*b - p*h + 6 = 1, 2*b - 19 = -5*h. What are the prime factors of b?
2
Let c = 140 - -120. Let v = c + -171. List the prime factors of v.
89
Suppose 0 = 3*h + 6, 0*l = -2*l - h + 1162. What are the prime factors of l?
2, 3, 97
Suppose -a + 26*d = 21*d - 1580, -a - 5*d = -1540. List the prime factors of a.
2, 3, 5, 13
Let t(i) = 3 + 2*i**2 - 5 + 8*i**2 + 7 - i. What are the prime factors of t(3)?
2, 23
Suppose 2642 = 3*h - 1219. List the prime factors of h.
3, 11, 13
Suppose 8*v = 3*v - 3*p + 9076, 4*p = 8. What are the prime factors of v?
2, 907
Let t = 0 + 6. Suppose t = 2*s + s. What are the prime factors of (-5 - -4)/(s/(-18))?
3
Let y(z) = z**3. Let x(p) = -p + 14. Let w be x(15). Let n(o) = -30*o**3 + o**2 + o - 2. Let f(t) = w*n(t) + 3*y(t). What are the prime factors of f(1)?
3, 11
Suppose 3*u + 5*j = 1931 + 867, u - 926 = -3*j. What are the prime factors of u?
941
Let w be (1089/(-12))/11*8/(-6). Let g be 9/(-6)*(-4)/2. Suppose a = -3*h + 10, -3*h - g*a = -a - w. List the prime factors of h.
3
Let n be (-2 - -2 - -2) + 3. Suppose n*r - 262 = 83. Suppose -2*d + 5*d - r = 0. List the prime factors of d.
23
Let m(l) = -2*l**3 - 6*l**2 - 15*l - 25. Let j(n) = 3*n**3 + 9*n**2 + 23*n + 37. Let a(c) = -5*j(c) - 7*m(c). What are the prime factors of a(-6)?
2, 79
Let c be (-4)/24 - (-20667)/18. Suppose 4*o - 4*t = c, -o - 2*t = -6*t - 287. Suppose 41 - o = -6*x. List the prime factors of x.
41
Let j(f) = -f - 11. Let h be j(-5). Let o be 4/2*1*h. What are the prime factors of (-4)/6 + (-212)/o?
17
Suppose 3*m - 33 = 3*f - 4*f, -m = 5*f - 95. Let x = -22 - -13. List the prime factors of (-6)/x*(0 + f).
2, 3
Let a = -1318 + 2584. List the prime factors of a.
2, 3, 211
Let v(r) = 24*r**2 - 3*r + 2. Let m = 1 + 1. What are the prime factors of v(m)?
2, 23
Let c = 411 - 84. What are the prime factors of c?
3, 109
Suppose -5*z - 4*n = -101, 5*z - 36 = -5*n + 64. Suppose 4*m + 4*l = 267 + z, 2*m - 4*l - 120 = 0. List the prime factors of m.
2, 17
Let y(p) = -4*p**2 + 18*p + 12. Let f be y(5). Let n = 95 + -62. Suppose -f*u + n = -u. List the prime factors of u.
3, 11
Let g(a) = 9*a - 7. Suppose 0 = -5*b - 5*q + 15, -6 + 3 = -3*b + 3*q. List the prime factors of g(b).
11
Let o(u) = u + 12. Let c be o(-10). Let s(x) = -8*x**2 + c - x**3 - 3*x + 17*x - 7*x. List the prime factors of s(-9).
2, 5
Let s = -128 + 46. Let m be (-3)/4 - 10/8. List the prime factors of m*s/(-4)*-1.
41
Let u(a) be the second derivative of -a**5/20 - 7*a**4/12 - 7*a**3/3 + 2*a**2 + 8*a. What are the prime factors of u(-6)?
2, 13
Let x be (14/(-35))/((-1)/5). Let d(v) = 0*v**x + 4*v - 7*v**3 - 26*v**3 - 3*v + v**2. What are the prime factors of d(-1)?
3, 11
List the prime factors of (-2)/(-3) + (22280/24 - 14).
3, 5, 61
List the prime factors of ((-2652)/(-65))/((-2)/(-10)).
2, 3, 17
What are the prime factors of 9/6*6866/3?
3433
Let m = -9 - -10. Let w be (-2 - -2)/(0 + m). Let u = w - -9. List the prime factors of u.
3
Suppose 6*r + 12 = 36. Let h(w) = -22*w - 3. Let s be h(-6). Suppose -r*p + 7*p - s = 0. What are the prime factors of p?
43
Let n be (-1 - (-174)/9) + (-8)/(-12). Suppose -26*y = -n*y - 1246. List the prime factors of y.
2, 89
Let x(a) = a**3 + a**2 + a + 6. Let c be x(0). Let j be (-2)/(-3)*-1*-3. Suppose -j*f - 16 = -c*f. What are the prime factors of f?
2
Let d = -62 - -65. What are the prime factors of 94 + (7 - d)/(-1)?
2, 3, 5
Let r(k) = -k**3 - 7*k**2 - 2*k - 2. Let n be r(-7). Suppose -l + 2 + 4 = 0. Suppose 7*a - n = l*a. What are the prime factors of a?
2, 3
Let d = 74 - -437. What are the prime factors of d?
7, 73
Suppose 2156 = 2*u + 2*u + 2*c, 4*u = c + 2156. List the prime factors of u.
7, 11
Suppose 15*h = 117 + 63. What are the prime factors of h?
2, 3
Suppose 1063 = 4*n - 1649. Let l = -445 + n. Suppose 5*z - 351 = -2*c, 4*c - l = -3*z - 28. What are the prime factors of z?
71
Let u(a) = a - 9. Let k be u(6). What are the prime factors of 2/k + 3/(-18)*-76?
2, 3
Let a = -74 + 76. Suppose -3*v + 2*q = -19, v + a*q + 0*q - 1 = 0. List the prime factors of v.
5
Let f(o) = -17*o + 232. What are the prime factors of f(8)?
2, 3
Let n = 176 + -173. Suppose n*b = 15*b - 2556. List the prime factors of b.
3, 71
Let q = 1641 - 510. What are the prime factors of q?
3, 13, 29
Let d = 92 - -405. List the prime factors of d.
7, 71
Let d(g) = 43*g**3 + 6*g**2 + 12*g - 22. What are the prime factors of d(4)?
2, 3, 479
Suppose -206*c = -217*c + 11418. List the prime factors of c.
2, 3, 173
Let t(u) = 0*u - 5*u + 19 - 3*u. Let z be t(6). Let d = 76 + z. 